{"id":108,"date":"2020-06-30T00:26:40","date_gmt":"2020-06-30T00:26:40","guid":{"rendered":"https:\/\/demosites.io\/pet-shop-gb\/?page_id=108"},"modified":"2024-11-21T16:06:24","modified_gmt":"2024-11-21T16:06:24","slug":"about","status":"publish","type":"page","link":"https:\/\/marierobert.fr\/index.php\/about\/","title":{"rendered":"Qui suis-je ?"},"content":{"rendered":"<div id=\"wp-block-themeisle-blocks-advanced-columns-6d39dfb0\" class=\"wp-block-themeisle-blocks-advanced-columns alignfull has-1-columns has-desktop-equal-layout has-tablet-equal-layout has-mobile-equal-layout has-vertical-center\"><div class=\"wp-block-themeisle-blocks-advanced-columns-overlay\"><\/div><div class=\"innerblocks-wrap\"><div id=\"wp-block-themeisle-blocks-advanced-column-d08a6c6d\" class=\"wp-block-themeisle-blocks-advanced-column\"><h1 class=\"wp-block-heading has-text-align-center has-nv-text-dark-bg-color has-text-color\">Qui suis-je ?<\/h1>\n\n<hr class=\"wp-block-separator has-text-color has-nv-text-dark-bg-color has-alpha-channel-opacity has-nv-text-dark-bg-background-color has-background is-style-default\"\/><\/div><\/div><\/div><div id=\"wp-block-themeisle-blocks-advanced-columns-7fa15eef\" class=\"wp-block-themeisle-blocks-advanced-columns alignfull has-1-columns has-desktop-equal-layout has-tablet-equal-layout has-mobile-equal-layout has-vertical-unset\"><div class=\"wp-block-themeisle-blocks-advanced-columns-overlay\"><\/div><div class=\"innerblocks-wrap\"><div id=\"wp-block-themeisle-blocks-advanced-column-00520f77\" class=\"wp-block-themeisle-blocks-advanced-column\"><p>Naturellement curieuse de l\u2019\u00eatre humain, j\u2019aime poser des questions \u00e0 ceux qui m\u2019entourent. Plus jeune, j\u2019en ai pos\u00e9 \u00e0 ma famille, \u00e0 mes instituteurs, \u00e0 mes amis, puis aux pr\u00eatres, aux savants et aux passionn\u00e9s. Enfin, quand je ne savais plus \u00e0 qui les adresser, j\u2019ai d\u00e9cid\u00e9 d\u2019aller les poser dans les facult\u00e9s de philosophie. C\u2019est ainsi que j\u2019ai parcouru une licence et un master de philosophie. Puis, pendant quatre ans, j&rsquo;ai partag\u00e9 ces questionnements avec des lyc\u00e9ens, guidant leur r\u00e9flexion et cultivant leur pens\u00e9e critique.<\/p>\n\n<p>En parall\u00e8le de mes derni\u00e8res ann\u00e9es d\u2019enseignement, je me suis form\u00e9e aupr\u00e8s de l\u2019Institut des Pratiques Philosophiques. J\u2019y ai appris \u00e0 utiliser le questionnement philosophique comme un outil au service de la pens\u00e9e. La philosophie, en plus de mon bagage acad\u00e9mique, est devenue un instrument vivant, et l&rsquo;esprit, une mati\u00e8re premi\u00e8re. D\u00e9sormais, je propose principalement des consultations philosophiques individuelles et des ateliers collectifs. J&rsquo;ai aussi \u00e9t\u00e9 invit\u00e9e \u00e0 rejoindre les rangs des praticiens \u00e0 l&rsquo;Institut des Pratiques Philosophiques, et j&rsquo;interviens r\u00e9guli\u00e8rement en tant que formatrice dans leurs programmes.<\/p>\n\n<div id=\"wp-block-themeisle-blocks-flip-c97e3d09\" class=\"wp-block-themeisle-blocks-flip anim flipY\"><div class=\"o-flip-inner\"><div class=\"o-flip-front\"><div class=\"o-flip-content\"><h3>L&rsquo;institut des pratiques Philosophiques<\/h3><p>L&rsquo;Institut des Pratiques Philosophiques promeut, comme son nom l&rsquo;indique, un rapport pratique \u00e0 la philosophie. Autrement dit, on consid\u00e8re que la philosophie fournit un ensemble d&rsquo;outils utiles \u00e0 l&rsquo;exploration de l&rsquo;esprit et du monde. Oscar Br\u00e9nifier, philosophe et auteur de nombreux ouvrages, est reconnu pour son r\u00f4le central dans l&rsquo;essor et la diffusion de la pratique philosophique.<br>L&rsquo;Institut des Pratiques Philosophiques propose tr\u00e8s r\u00e9guli\u00e8rement des formations, des ateliers et des accompagnements individuels en plusieurs langues.<\/p><\/div><\/div><div class=\"o-flip-back\"><h3 class=\"wp-block-heading\">Pour aller plus loin<\/h3>\n\n<p>D\u00e9couvrez les activit\u00e9s de l&rsquo;Institut des Pratiques Philosophiques ci-dessous. Je serais ravie de vous y retrouver dans le cadre d&rsquo;une formation.<\/p>\n\n<div class=\"wp-block-buttons is-content-justification-center is-layout-flex wp-container-core-buttons-is-layout-1 wp-block-buttons-is-layout-flex\"><div class=\"wp-block-button has-custom-width wp-block-button__width-25 is-style-fill is-style-primary\"><a class=\"wp-block-button__link wp-element-button\" href=\"http:\/\/www.pratiques-philosophiques.fr\/fr\/bienvenue\/\" target=\"_blank\" rel=\"noreferrer noopener\">jkhengrCliquez ici<\/a><\/div><\/div><\/div><\/div><\/div>\n\n<div class=\"wp-block-media-text is-stacked-on-mobile\"><figure class=\"wp-block-media-text__media\"><img loading=\"lazy\" decoding=\"async\" width=\"1024\" height=\"576\" src=\"https:\/\/marierobert.fr\/wp-content\/uploads\/2024\/10\/depositphotos_121757108-stock-photo-human-brain-texture-anatomy.jpg\" alt=\"\" class=\"wp-image-308 size-full\" srcset=\"https:\/\/marierobert.fr\/wp-content\/uploads\/2024\/10\/depositphotos_121757108-stock-photo-human-brain-texture-anatomy.jpg 1024w, https:\/\/marierobert.fr\/wp-content\/uploads\/2024\/10\/depositphotos_121757108-stock-photo-human-brain-texture-anatomy-300x169.jpg 300w, https:\/\/marierobert.fr\/wp-content\/uploads\/2024\/10\/depositphotos_121757108-stock-photo-human-brain-texture-anatomy-768x432.jpg 768w, https:\/\/marierobert.fr\/wp-content\/uploads\/2024\/10\/depositphotos_121757108-stock-photo-human-brain-texture-anatomy-600x338.jpg 600w\" sizes=\"(max-width: 1024px) 100vw, 1024px\" \/><\/figure><div class=\"wp-block-media-text__content\"><p><strong>L&rsquo;institut des pratiques Philosophiques<\/strong><\/p>\n\n<p>L&rsquo;Institut des Pratiques Philosophiques promeut, comme son nom l&rsquo;indique, un rapport pratique \u00e0 la philosophie. Autrement dit, on consid\u00e8re que la philosophie fournit un ensemble d&rsquo;outils utiles \u00e0 l&rsquo;exploration de l&rsquo;esprit et du monde. Oscar Br\u00e9nifier, philosophe et auteur de nombreux ouvrages, est reconnu pour son r\u00f4le central dans l&rsquo;essor et la diffusion de la pratique philosophique.<br>L&rsquo;Institut des Pratiques Philosophiques propose tr\u00e8s r\u00e9guli\u00e8rement des formations, des ateliers et des accompagnements individuels en plusieurs langues.<\/p>\n\n<p>Vous pouvez d\u00e9couvrir les activit\u00e9s de l&rsquo;Institut des Pratiques Philosophiques ci-dessous. Je serais ravie de vous y retrouver dans le cadre d&rsquo;une formation.<\/p><\/div><\/div>\n\n<figure class=\"wp-block-pullquote\"><blockquote><p>En utilisant la philosophie comme un outil pratique, je veux vous aider \u00e0 mieux vous conna\u00eetre vous-m\u00eames, \u00e0 prendre des d\u00e9cisions \u00e9clair\u00e9es et \u00e0 \u00e9largir votre champ de conscience. Je m&rsquo;efforce de cr\u00e9er un espace o\u00f9 la pens\u00e9e critique et la r\u00e9flexion profonde sont porteuses de sens.<\/p><\/blockquote><\/figure><\/div><\/div><\/div><div id=\"wp-block-themeisle-blocks-timeline-79db1e45\" class=\"wp-block-themeisle-blocks-timeline\"><div class=\"o-timeline-root\"><div id=\"wp-block-themeisle-blocks-timeline-item-91f93372\" class=\"wp-block-themeisle-blocks-timeline-item\"><div class=\"o-timeline-container\"><div class=\"o-timeline-icon\"><\/div><div class=\"o-timeline-content\"><p class=\"has-small-font-size\">2018<\/p>\n\n<h3 class=\"wp-block-heading\">Dipl\u00f4me de philosophie <\/h3>\n\n<p>Je finis mes ann\u00e9es d&rsquo;\u00e9tudes, pr\u00eate \u00e0 m&rsquo;engager dans l&rsquo;enseignement, puisque c&rsquo;est le m\u00e9tier auquel j&rsquo;aspire.<br><br>Universit\u00e9 de La Sorbonne (Paris IV), Universit\u00e9 de Rennes 2<\/p><\/div><\/div><\/div>\n\n<div id=\"wp-block-themeisle-blocks-timeline-item-01567754\" class=\"wp-block-themeisle-blocks-timeline-item\"><div class=\"o-timeline-container\"><div class=\"o-timeline-icon\"><i class=\"fas fa-circle\"><\/i><\/div><div class=\"o-timeline-content\"><p class=\"has-small-font-size\">Janvier 2020<\/p>\n\n<h3 class=\"wp-block-heading\">Premier poste en tant qu&rsquo;enseignante de philosophie<\/h3>\n\n<p>Je d\u00e9couvre le plaisir d&rsquo;enseigner la philosophie aupr\u00e8s des lyc\u00e9ens. Je rel\u00e8ve chaque ann\u00e9e le d\u00e9fi de briser leurs pr\u00e9jug\u00e9s sur la philo, puis sur chacun des th\u00e8mes du programme, et enfin de les pr\u00e9parer au bac sereinement.<\/p><\/div><\/div><\/div>\n\n<div id=\"wp-block-themeisle-blocks-timeline-item-c4d1597a\" class=\"wp-block-themeisle-blocks-timeline-item\"><div class=\"o-timeline-container\"><div class=\"o-timeline-icon\"><i class=\"fas fa-circle\"><\/i><\/div><div class=\"o-timeline-content\"><p class=\"has-small-font-size\">Novembre 2020<\/p>\n\n<h3 class=\"wp-block-heading\">D\u00e9couverte de la philosophie pratique<\/h3>\n\n<p>Le hasard des rencontres m&rsquo;am\u00e8ne \u00e0 d\u00e9couvrir la philosophie pratique. Je commence un suivi d&rsquo;un an, qui m&rsquo;a profond\u00e9ment transform\u00e9e et \u00e0 l&rsquo;issue duquel je choisis de me former au dialogue socratique.<\/p><\/div><\/div><\/div>\n\n<div id=\"wp-block-themeisle-blocks-timeline-item-723a0e65\" class=\"wp-block-themeisle-blocks-timeline-item\"><div class=\"o-timeline-container\"><div class=\"o-timeline-icon\"><i class=\"fas fa-circle\"><\/i><\/div><div class=\"o-timeline-content\"><p class=\"has-small-font-size\">Janvier 2024<\/p>\n\n<h3 class=\"wp-block-heading\">Je quitte l&rsquo;\u00e9ducation nationale<\/h3>\n\n<p>Port\u00e9e par les joies et les d\u00e9fis de mon exp\u00e9rience d&rsquo;enseignante, mais contrari\u00e9e par l&rsquo;inertie d&rsquo;un syst\u00e8me dans lequel je ne me retrouve plus, je d\u00e9cide de changer de route.<\/p><\/div><\/div><\/div>\n\n<div id=\"wp-block-themeisle-blocks-timeline-item-2095d160\" class=\"wp-block-themeisle-blocks-timeline-item\"><div class=\"o-timeline-container\"><div class=\"o-timeline-icon\"><i class=\"fas fa-circle\"><\/i><\/div><div class=\"o-timeline-content\"><p class=\"has-small-font-size\">Mai 2024<\/p>\n\n<h3 class=\"wp-block-heading\">Je me lance en tant qu&rsquo;ind\u00e9pendante<\/h3>\n\n<p>Je suis philosophe praticienne, et je propose d\u00e9sormais des accompagnements.<\/p><\/div><\/div><\/div><\/div><\/div><div class=\"wp-block-columns alignwide is-layout-flex wp-container-core-columns-is-layout-1 wp-block-columns-is-layout-flex\"><div class=\"wp-block-column is-layout-flow wp-block-column-is-layout-flow\"><div class=\"wp-block-image\"><figure class=\"aligncenter size-full\"><img loading=\"lazy\" decoding=\"async\" width=\"2560\" height=\"1812\" src=\"https:\/\/marierobert.fr\/wp-content\/uploads\/2024\/10\/Licence_Diplome-1-scaled.jpg\" alt=\"\" class=\"wp-image-249\" style=\"object-fit:cover\" srcset=\"https:\/\/marierobert.fr\/wp-content\/uploads\/2024\/10\/Licence_Diplome-1-scaled.jpg 2560w, https:\/\/marierobert.fr\/wp-content\/uploads\/2024\/10\/Licence_Diplome-1-300x212.jpg 300w, https:\/\/marierobert.fr\/wp-content\/uploads\/2024\/10\/Licence_Diplome-1-1024x725.jpg 1024w, https:\/\/marierobert.fr\/wp-content\/uploads\/2024\/10\/Licence_Diplome-1-768x544.jpg 768w, https:\/\/marierobert.fr\/wp-content\/uploads\/2024\/10\/Licence_Diplome-1-1536x1087.jpg 1536w, https:\/\/marierobert.fr\/wp-content\/uploads\/2024\/10\/Licence_Diplome-1-2048x1450.jpg 2048w, https:\/\/marierobert.fr\/wp-content\/uploads\/2024\/10\/Licence_Diplome-1-600x425.jpg 600w\" sizes=\"(max-width: 2560px) 100vw, 2560px\" \/><\/figure><\/div><\/div>\n\n<div class=\"wp-block-column is-layout-flow wp-block-column-is-layout-flow\"><div class=\"wp-block-image\"><figure class=\"aligncenter size-full\"><img loading=\"lazy\" decoding=\"async\" width=\"2338\" height=\"1700\" src=\"https:\/\/marierobert.fr\/wp-content\/uploads\/2024\/10\/Master_Diplome-1.png\" alt=\"\" class=\"wp-image-250\" style=\"object-fit:cover\" srcset=\"https:\/\/marierobert.fr\/wp-content\/uploads\/2024\/10\/Master_Diplome-1.png 2338w, https:\/\/marierobert.fr\/wp-content\/uploads\/2024\/10\/Master_Diplome-1-300x218.png 300w, https:\/\/marierobert.fr\/wp-content\/uploads\/2024\/10\/Master_Diplome-1-1024x745.png 1024w, https:\/\/marierobert.fr\/wp-content\/uploads\/2024\/10\/Master_Diplome-1-768x558.png 768w, https:\/\/marierobert.fr\/wp-content\/uploads\/2024\/10\/Master_Diplome-1-1536x1117.png 1536w, https:\/\/marierobert.fr\/wp-content\/uploads\/2024\/10\/Master_Diplome-1-2048x1489.png 2048w, https:\/\/marierobert.fr\/wp-content\/uploads\/2024\/10\/Master_Diplome-1-600x436.png 600w\" sizes=\"(max-width: 2338px) 100vw, 2338px\" \/><\/figure><\/div><\/div><\/div>","protected":false},"excerpt":{"rendered":"","protected":false},"author":1,"featured_media":0,"parent":0,"menu_order":2,"comment_status":"closed","ping_status":"closed","template":"","meta":{"neve_meta_sidebar":"full-width","neve_meta_container":"","neve_meta_enable_content_width":"on","neve_meta_content_width":70,"neve_meta_title_alignment":"left","neve_meta_author_avatar":"","neve_post_elements_order":"","neve_meta_disable_header":"","neve_meta_disable_footer":"","neve_meta_disable_title":"on","_themeisle_gutenberg_block_has_review":false,"footnotes":""},"class_list":["post-108","page","type-page","status-publish","hentry"],"_links":{"self":[{"href":"https:\/\/marierobert.fr\/index.php\/wp-json\/wp\/v2\/pages\/108"}],"collection":[{"href":"https:\/\/marierobert.fr\/index.php\/wp-json\/wp\/v2\/pages"}],"about":[{"href":"https:\/\/marierobert.fr\/index.php\/wp-json\/wp\/v2\/types\/page"}],"author":[{"embeddable":true,"href":"https:\/\/marierobert.fr\/index.php\/wp-json\/wp\/v2\/users\/1"}],"replies":[{"embeddable":true,"href":"https:\/\/marierobert.fr\/index.php\/wp-json\/wp\/v2\/comments?post=108"}],"version-history":[{"count":9,"href":"https:\/\/marierobert.fr\/index.php\/wp-json\/wp\/v2\/pages\/108\/revisions"}],"predecessor-version":[{"id":346,"href":"https:\/\/marierobert.fr\/index.php\/wp-json\/wp\/v2\/pages\/108\/revisions\/346"}],"wp:attachment":[{"href":"https:\/\/marierobert.fr\/index.php\/wp-json\/wp\/v2\/media?parent=108"}],"curies":[{"name":"wp","href":"https:\/\/api.w.org\/{rel}","templated":true}]}}

<div id="wp-block-themeisle-blocks-advanced-columns-6d39dfb0" class="wp-block-themeisle-blocks-advanced-columns alignfull has-1-columns has-desktop-equal-layout has-tablet-equal-layout has-mobile-equal-layout has-vertical-center"><div class="wp-block-themeisle-blocks-advanced-columns-overlay"></div><div class="innerblocks-wrap"><div id="wp-block-themeisle-blocks-advanced-column-d08a6c6d" class="wp-block-themeisle-blocks-advanced-column"><h1 class="wp-block-heading has-text-align-center has-nv-text-dark-bg-color has-text-color">Qui suis-je ?</h1>

<hr class="wp-block-separator has-text-color has-nv-text-dark-bg-color has-alpha-channel-opacity has-nv-text-dark-bg-background-color has-background is-style-default"/></div></div></div><div id="wp-block-themeisle-blocks-advanced-columns-7fa15eef" class="wp-block-themeisle-blocks-advanced-columns alignfull has-1-columns has-desktop-equal-layout has-tablet-equal-layout has-mobile-equal-layout has-vertical-unset"><div class="wp-block-themeisle-blocks-advanced-columns-overlay"></div><div class="innerblocks-wrap"><div id="wp-block-themeisle-blocks-advanced-column-00520f77" class="wp-block-themeisle-blocks-advanced-column"><p>Naturellement curieuse de l’être humain, j’aime poser des questions à ceux qui m’entourent. Plus jeune, j’en ai posé à ma famille, à mes instituteurs, à mes amis, puis aux prêtres, aux savants et aux passionnés. Enfin, quand je ne savais plus à qui les adresser, j’ai décidé d’aller les poser dans les facultés de philosophie. C’est ainsi que j’ai parcouru une licence et un master de philosophie. Puis, pendant quatre ans, j&rsquo;ai partagé ces questionnements avec des lycéens, guidant leur réflexion et cultivant leur pensée critique.</p>

<p>En parallèle de mes dernières années d’enseignement, je me suis formée auprès de l’Institut des Pratiques Philosophiques. J’y ai appris à utiliser le questionnement philosophique comme un outil au service de la pensée. La philosophie, en plus de mon bagage académique, est devenue un instrument vivant, et l&rsquo;esprit, une matière première. Désormais, je propose principalement des consultations philosophiques individuelles et des ateliers collectifs. J&rsquo;ai aussi été invitée à rejoindre les rangs des praticiens à l&rsquo;Institut des Pratiques Philosophiques, et j&rsquo;interviens régulièrement en tant que formatrice dans leurs programmes.</p>

<div id="wp-block-themeisle-blocks-flip-c97e3d09" class="wp-block-themeisle-blocks-flip anim flipY"><div class="o-flip-inner"><div class="o-flip-front"><div class="o-flip-content"><h3>L&rsquo;institut des pratiques Philosophiques</h3><p>L&rsquo;Institut des Pratiques Philosophiques promeut, comme son nom l&rsquo;indique, un rapport pratique à la philosophie. Autrement dit, on considère que la philosophie fournit un ensemble d&rsquo;outils utiles à l&rsquo;exploration de l&rsquo;esprit et du monde. Oscar Brénifier, philosophe et auteur de nombreux ouvrages, est reconnu pour son rôle central dans l&rsquo;essor et la diffusion de la pratique philosophique.<br>L&rsquo;Institut des Pratiques Philosophiques propose très régulièrement des formations, des ateliers et des accompagnements individuels en plusieurs langues.</p></div></div><div class="o-flip-back"><h3 class="wp-block-heading">Pour aller plus loin</h3>

<p>Découvrez les activités de l&rsquo;Institut des Pratiques Philosophiques ci-dessous. Je serais ravie de vous y retrouver dans le cadre d&rsquo;une formation.</p>

<div class="wp-block-buttons is-content-justification-center is-layout-flex wp-container-core-buttons-is-layout-1 wp-block-buttons-is-layout-flex"><div class="wp-block-button has-custom-width wp-block-button__width-25 is-style-fill is-style-primary"><a class="wp-block-button__link wp-element-button" href="http://www.pratiques-philosophiques.fr/fr/bienvenue/" target="_blank" rel="noreferrer noopener">jkhengrCliquez ici</a></div></div></div></div></div>

<div class="wp-block-media-text is-stacked-on-mobile"><figure class="wp-block-media-text__media"><img loading="lazy" decoding="async" width="1024" height="576" src="https://marierobert.fr/wp-content/uploads/2024/10/depositphotos_121757108-stock-photo-human-brain-texture-anatomy.jpg" alt="" class="wp-image-308 size-full" srcset="https://marierobert.fr/wp-content/uploads/2024/10/depositphotos_121757108-stock-photo-human-brain-texture-anatomy.jpg 1024w, https://marierobert.fr/wp-content/uploads/2024/10/depositphotos_121757108-stock-photo-human-brain-texture-anatomy-300x169.jpg 300w, https://marierobert.fr/wp-content/uploads/2024/10/depositphotos_121757108-stock-photo-human-brain-texture-anatomy-768x432.jpg 768w, https://marierobert.fr/wp-content/uploads/2024/10/depositphotos_121757108-stock-photo-human-brain-texture-anatomy-600x338.jpg 600w" sizes="(max-width: 1024px) 100vw, 1024px" /></figure><div class="wp-block-media-text__content"><p><strong>L&rsquo;institut des pratiques Philosophiques</strong></p>

<p>L&rsquo;Institut des Pratiques Philosophiques promeut, comme son nom l&rsquo;indique, un rapport pratique à la philosophie. Autrement dit, on considère que la philosophie fournit un ensemble d&rsquo;outils utiles à l&rsquo;exploration de l&rsquo;esprit et du monde. Oscar Brénifier, philosophe et auteur de nombreux ouvrages, est reconnu pour son rôle central dans l&rsquo;essor et la diffusion de la pratique philosophique.<br>L&rsquo;Institut des Pratiques Philosophiques propose très régulièrement des formations, des ateliers et des accompagnements individuels en plusieurs langues.</p>

<p>Vous pouvez découvrir les activités de l&rsquo;Institut des Pratiques Philosophiques ci-dessous. Je serais ravie de vous y retrouver dans le cadre d&rsquo;une formation.</p></div></div>

<figure class="wp-block-pullquote"><blockquote><p>En utilisant la philosophie comme un outil pratique, je veux vous aider à mieux vous connaître vous-mêmes, à prendre des décisions éclairées et à élargir votre champ de conscience. Je m&rsquo;efforce de créer un espace où la pensée critique et la réflexion profonde sont porteuses de sens.</p></blockquote></figure></div></div></div><div id="wp-block-themeisle-blocks-timeline-79db1e45" class="wp-block-themeisle-blocks-timeline"><div class="o-timeline-root"><div id="wp-block-themeisle-blocks-timeline-item-91f93372" class="wp-block-themeisle-blocks-timeline-item"><div class="o-timeline-container"><div class="o-timeline-icon"></div><div class="o-timeline-content"><p class="has-small-font-size">2018</p>

<h3 class="wp-block-heading">Diplôme de philosophie </h3>

<p>Je finis mes années d&rsquo;études, prête à m&rsquo;engager dans l&rsquo;enseignement, puisque c&rsquo;est le métier auquel j&rsquo;aspire.<br><br>Université de La Sorbonne (Paris IV), Université de Rennes 2</p></div></div></div>

<div id="wp-block-themeisle-blocks-timeline-item-01567754" class="wp-block-themeisle-blocks-timeline-item"><div class="o-timeline-container"><div class="o-timeline-icon"><i class="fas fa-circle"></i></div><div class="o-timeline-content"><p class="has-small-font-size">Janvier 2020</p>

<h3 class="wp-block-heading">Premier poste en tant qu&rsquo;enseignante de philosophie</h3>

<p>Je découvre le plaisir d&rsquo;enseigner la philosophie auprès des lycéens. Je relève chaque année le défi de briser leurs préjugés sur la philo, puis sur chacun des thèmes du programme, et enfin de les préparer au bac sereinement.</p></div></div></div>

<div id="wp-block-themeisle-blocks-timeline-item-c4d1597a" class="wp-block-themeisle-blocks-timeline-item"><div class="o-timeline-container"><div class="o-timeline-icon"><i class="fas fa-circle"></i></div><div class="o-timeline-content"><p class="has-small-font-size">Novembre 2020</p>

<h3 class="wp-block-heading">Découverte de la philosophie pratique</h3>

<p>Le hasard des rencontres m&rsquo;amène à découvrir la philosophie pratique. Je commence un suivi d&rsquo;un an, qui m&rsquo;a profondément transformée et à l&rsquo;issue duquel je choisis de me former au dialogue socratique.</p></div></div></div>

<div id="wp-block-themeisle-blocks-timeline-item-723a0e65" class="wp-block-themeisle-blocks-timeline-item"><div class="o-timeline-container"><div class="o-timeline-icon"><i class="fas fa-circle"></i></div><div class="o-timeline-content"><p class="has-small-font-size">Janvier 2024</p>

<h3 class="wp-block-heading">Je quitte l&rsquo;éducation nationale</h3>

<p>Portée par les joies et les défis de mon expérience d&rsquo;enseignante, mais contrariée par l&rsquo;inertie d&rsquo;un système dans lequel je ne me retrouve plus, je décide de changer de route.</p></div></div></div>

<div id="wp-block-themeisle-blocks-timeline-item-2095d160" class="wp-block-themeisle-blocks-timeline-item"><div class="o-timeline-container"><div class="o-timeline-icon"><i class="fas fa-circle"></i></div><div class="o-timeline-content"><p class="has-small-font-size">Mai 2024</p>

<h3 class="wp-block-heading">Je me lance en tant qu&rsquo;indépendante</h3>

<p>Je suis philosophe praticienne, et je propose désormais des accompagnements.</p></div></div></div></div></div><div class="wp-block-columns alignwide is-layout-flex wp-container-core-columns-is-layout-1 wp-block-columns-is-layout-flex"><div class="wp-block-column is-layout-flow wp-block-column-is-layout-flow"><div class="wp-block-image"><figure class="aligncenter size-full"><img loading="lazy" decoding="async" width="2560" height="1812" src="https://marierobert.fr/wp-content/uploads/2024/10/Licence_Diplome-1-scaled.jpg" alt="" class="wp-image-249" style="object-fit:cover" srcset="https://marierobert.fr/wp-content/uploads/2024/10/Licence_Diplome-1-scaled.jpg 2560w, https://marierobert.fr/wp-content/uploads/2024/10/Licence_Diplome-1-300x212.jpg 300w, https://marierobert.fr/wp-content/uploads/2024/10/Licence_Diplome-1-1024x725.jpg 1024w, https://marierobert.fr/wp-content/uploads/2024/10/Licence_Diplome-1-768x544.jpg 768w, https://marierobert.fr/wp-content/uploads/2024/10/Licence_Diplome-1-1536x1087.jpg 1536w, https://marierobert.fr/wp-content/uploads/2024/10/Licence_Diplome-1-2048x1450.jpg 2048w, https://marierobert.fr/wp-content/uploads/2024/10/Licence_Diplome-1-600x425.jpg 600w" sizes="(max-width: 2560px) 100vw, 2560px" /></figure></div></div>

<div class="wp-block-column is-layout-flow wp-block-column-is-layout-flow"><div class="wp-block-image"><figure class="aligncenter size-full"><img loading="lazy" decoding="async" width="2338" height="1700" src="https://marierobert.fr/wp-content/uploads/2024/10/Master_Diplome-1.png" alt="" class="wp-image-250" style="object-fit:cover" srcset="https://marierobert.fr/wp-content/uploads/2024/10/Master_Diplome-1.png 2338w, https://marierobert.fr/wp-content/uploads/2024/10/Master_Diplome-1-300x218.png 300w, https://marierobert.fr/wp-content/uploads/2024/10/Master_Diplome-1-1024x745.png 1024w, https://marierobert.fr/wp-content/uploads/2024/10/Master_Diplome-1-768x558.png 768w, https://marierobert.fr/wp-content/uploads/2024/10/Master_Diplome-1-1536x1117.png 1536w, https://marierobert.fr/wp-content/uploads/2024/10/Master_Diplome-1-2048x1489.png 2048w, https://marierobert.fr/wp-content/uploads/2024/10/Master_Diplome-1-600x436.png 600w" sizes="(max-width: 2338px) 100vw, 2338px" /></figure></div></div></div>
